{"id":7251,"date":"2025-03-02T22:14:45","date_gmt":"2025-03-02T21:14:45","guid":{"rendered":"https:\/\/www.straz.pulawy.pl\/?page_id=7251"},"modified":"2025-03-02T22:14:46","modified_gmt":"2025-03-02T21:14:46","slug":"zarzad-op-zosp-rp","status":"publish","type":"page","link":"https:\/\/www.straz.pulawy.pl\/?page_id=7251","title":{"rendered":"Zarz\u0105d OP ZOSP RP"},"content":{"rendered":"\n<p>Zarz\u0105d Oddzia\u0142u Powiatowego Zwi\u0105zku Ochotniczych Stra\u017cy Po\u017carnych RP w Pu\u0142awach<\/p>\n\n\n\n<ol class=\"wp-block-list\">\n<li>Prezes &#8211; Teresa Gutowska &#8211; Starostwo Powiatowe w Pu\u0142awach<\/li>\n\n\n\n<li>Wiceprezes &#8211; Zbigniew Zadura\u00a0&#8211; ZOM-G ZOSP RP w Ko\u0144skowoli<\/li>\n\n\n\n<li>Sekretarz &#8211; Emil G\u0142ogowski &#8211; Komenda Powiatowa Pa\u0144stwowej Stra\u017cy Po\u017carnej w Pu\u0142awach<\/li>\n\n\n\n<li>Skarbnik &#8211; Andrzej Bujek &#8211; ZOG ZOSP RP w \u017byrzynie<\/li>\n\n\n\n<li>Cz\u0142onek Zarz\u0105du &#8211; Tadeusz Adamczyk &#8211; ZOM-G ZOSP RP w Na\u0142\u0119czowie<\/li>\n\n\n\n<li>Cz\u0142onek Zarz\u0105du &#8211;\u00a0\u0141ukasz Banaszek &#8211; ZOM-G ZOSP RP w Kurowie<\/li>\n\n\n\n<li>Cz\u0142onek Zarz\u0105du &#8211;\u00a0Adam Bieniek &#8211; ZOM-G ZOSP RP w W\u0105wolnicy<\/li>\n\n\n\n<li>Cz\u0142onek Zarz\u0105du &#8211;\u00a0Jan G\u0119dek &#8211; ZOG ZOSP RP w Janowcu<\/li>\n\n\n\n<li>Cz\u0142onek Zarz\u0105du &#8211;\u00a0Wojciech G\u0119dek &#8211; ZOG ZOSP RP w \u017byrzynie<\/li>\n\n\n\n<li>Cz\u0142onek Zarz\u0105du &#8211;\u00a0Wojciech Gibaszek &#8211; ZOG ZOSP RP w Pu\u0142awach<\/li>\n\n\n\n<li>Cz\u0142onek Zarz\u0105du &#8211;\u00a0Stanis\u0142aw Go\u0142\u0119biowski &#8211; ZOM-G ZOSP RP w Ko\u0144skowoli<\/li>\n\n\n\n<li>Cz\u0142onek Zarz\u0105du &#8211;\u00a0Miros\u0142aw Roman Grzelak- ZOG ZOSP RP w Baranowie<\/li>\n\n\n\n<li>Cz\u0142onek Zarz\u0105du &#8211;\u00a0Maria K\u0142opotowska &#8211; ZOG ZOSP RP w Janowcu<\/li>\n\n\n\n<li>Cz\u0142onek Zarz\u0105du &#8211;\u00a0Joanna Kozie\u0142-Rz\u0105d &#8211; ZOM-G ZOSP RP w Na\u0142\u0119czowie<\/li>\n\n\n\n<li>Cz\u0142onek Zarz\u0105du &#8211;\u00a0Pawe\u0142 Kurpiel &#8211; ZOG ZOSP RP w Pu\u0142awach<\/li>\n\n\n\n<li>Cz\u0142onek Zarz\u0105du &#8211; Leszek \u0141uczywek &#8211; ZOG ZOSP RP w Markuszowie<\/li>\n\n\n\n<li>Cz\u0142onek Zarz\u0105du &#8211; Marcin Turek &#8211; ZOM-G ZOSP RP w W\u0105wolnicy<\/li>\n\n\n\n<li>Cz\u0142onek Zarz\u0105du &#8211; Henryk Wasi\u0142ek &#8211; ZOM-G ZOSP RP w Kazimierzu Dolnym<\/li>\n\n\n\n<li>Cz\u0142onek Zarz\u0105du &#8211; Stanis\u0142aw W\u00f3jcicki &#8211; ZOM-G ZOSP RP w Kurowie<\/li>\n\n\n\n<li>Cz\u0142onek Zarz\u0105du &#8211; Waldemar W\u00f3jcik &#8211; ZOM-G ZOSP RP w Kazimierzu Dolnym<\/li>\n<\/ol>\n","protected":false},"excerpt":{"rendered":"<p>Zarz\u0105d Oddzia\u0142u Powiatowego Zwi\u0105zku Ochotniczych Stra\u017cy Po\u017carnych RP w Pu\u0142awach<\/p>\n","protected":false},"author":2,"featured_media":0,"parent":0,"menu_order":0,"comment_status":"closed","ping_status":"closed","template":"","meta":{"footnotes":"","_links_to":"","_links_to_target":""},"class_list":["post-7251","page","type-page","status-publish","hentry"],"_links":{"self":[{"href":"https:\/\/www.straz.pulawy.pl\/index.php?rest_route=\/wp\/v2\/pages\/7251","targetHints":{"allow":["GET"]}}],"collection":[{"href":"https:\/\/www.straz.pulawy.pl\/index.php?rest_route=\/wp\/v2\/pages"}],"about":[{"href":"https:\/\/www.straz.pulawy.pl\/index.php?rest_route=\/wp\/v2\/types\/page"}],"author":[{"embeddable":true,"href":"https:\/\/www.straz.pulawy.pl\/index.php?rest_route=\/wp\/v2\/users\/2"}],"replies":[{"embeddable":true,"href":"https:\/\/www.straz.pulawy.pl\/index.php?rest_route=%2Fwp%2Fv2%2Fcomments&post=7251"}],"version-history":[{"count":1,"href":"https:\/\/www.straz.pulawy.pl\/index.php?rest_route=\/wp\/v2\/pages\/7251\/revisions"}],"predecessor-version":[{"id":7252,"href":"https:\/\/www.straz.pulawy.pl\/index.php?rest_route=\/wp\/v2\/pages\/7251\/revisions\/7252"}],"wp:attachment":[{"href":"https:\/\/www.straz.pulawy.pl\/index.php?rest_route=%2Fwp%2Fv2%2Fmedia&parent=7251"}],"curies":[{"name":"wp","href":"https:\/\/api.w.org\/{rel}","templated":true}]}}

Zarząd OP ZOSP RP

<p>Zarząd Oddziału Powiatowego Związku Ochotniczych Straży Pożarnych RP w Puławach</p>



<ol class="wp-block-list">
<li>Prezes &#8211; Teresa Gutowska &#8211; Starostwo Powiatowe w Puławach</li>



<li>Wiceprezes &#8211; Zbigniew Zadura &#8211; ZOM-G ZOSP RP w Końskowoli</li>



<li>Sekretarz &#8211; Emil Głogowski &#8211; Komenda Powiatowa Państwowej Straży Pożarnej w Puławach</li>



<li>Skarbnik &#8211; Andrzej Bujek &#8211; ZOG ZOSP RP w Żyrzynie</li>



<li>Członek Zarządu &#8211; Tadeusz Adamczyk &#8211; ZOM-G ZOSP RP w Nałęczowie</li>



<li>Członek Zarządu &#8211; Łukasz Banaszek &#8211; ZOM-G ZOSP RP w Kurowie</li>



<li>Członek Zarządu &#8211; Adam Bieniek &#8211; ZOM-G ZOSP RP w Wąwolnicy</li>



<li>Członek Zarządu &#8211; Jan Gędek &#8211; ZOG ZOSP RP w Janowcu</li>



<li>Członek Zarządu &#8211; Wojciech Gędek &#8211; ZOG ZOSP RP w Żyrzynie</li>



<li>Członek Zarządu &#8211; Wojciech Gibaszek &#8211; ZOG ZOSP RP w Puławach</li>



<li>Członek Zarządu &#8211; Stanisław Gołębiowski &#8211; ZOM-G ZOSP RP w Końskowoli</li>



<li>Członek Zarządu &#8211; Mirosław Roman Grzelak- ZOG ZOSP RP w Baranowie</li>



<li>Członek Zarządu &#8211; Maria Kłopotowska &#8211; ZOG ZOSP RP w Janowcu</li>



<li>Członek Zarządu &#8211; Joanna Kozieł-Rząd &#8211; ZOM-G ZOSP RP w Nałęczowie</li>



<li>Członek Zarządu &#8211; Paweł Kurpiel &#8211; ZOG ZOSP RP w Puławach</li>



<li>Członek Zarządu &#8211; Leszek Łuczywek &#8211; ZOG ZOSP RP w Markuszowie</li>



<li>Członek Zarządu &#8211; Marcin Turek &#8211; ZOM-G ZOSP RP w Wąwolnicy</li>



<li>Członek Zarządu &#8211; Henryk Wasiłek &#8211; ZOM-G ZOSP RP w Kazimierzu Dolnym</li>



<li>Członek Zarządu &#8211; Stanisław Wójcicki &#8211; ZOM-G ZOSP RP w Kurowie</li>



<li>Członek Zarządu &#8211; Waldemar Wójcik &#8211; ZOM-G ZOSP RP w Kazimierzu Dolnym</li>
</ol>

<p>Zarząd Oddziału Powiatowego Związku Ochotniczych Straży Pożarnych RP w Puławach</p>
