{"id":6937,"date":"2024-09-10T14:02:34","date_gmt":"2024-09-10T12:02:34","guid":{"rendered":"https:\/\/www.straz.pulawy.pl\/?page_id=6937"},"modified":"2024-09-10T14:17:23","modified_gmt":"2024-09-10T12:17:23","slug":"standardy-ochrony-maloletnich","status":"publish","type":"page","link":"https:\/\/www.straz.pulawy.pl\/?page_id=6937","title":{"rendered":"Standardy ochrony ma\u0142oletnich"},"content":{"rendered":"\n<p><a href=\"https:\/\/www.straz.pulawy.pl\/wp-content\/uploads\/2024\/09\/Zarzadzenie-10.2024-z-dnia-sprawie-wprowadzenia-Standardow-ochorny-maloletnich-2.pdf\">STANDARDY OCHRONY MA\u0141OLETNICH W KOMENDZIE POWIATOWEJ PA\u0143STWOWEJ STRA\u017bY PO\u017bARNEJ W PU\u0141AWACH (pobierz)<\/a><\/p>\n\n\n\n<h2 class=\"wp-block-heading\"> <\/h2>\n","protected":false},"excerpt":{"rendered":"<p>STANDARDY OCHRONY MA\u0141OLETNICH W KOMENDZIE POWIATOWEJ PA\u0143STWOWEJ STRA\u017bY PO\u017bARNEJ W PU\u0141AWACH (pobierz)<\/p>\n","protected":false},"author":13,"featured_media":0,"parent":0,"menu_order":0,"comment_status":"closed","ping_status":"closed","template":"","meta":{"footnotes":"","_links_to":"","_links_to_target":""},"class_list":["post-6937","page","type-page","status-publish","hentry"],"_links":{"self":[{"href":"https:\/\/www.straz.pulawy.pl\/index.php?rest_route=\/wp\/v2\/pages\/6937","targetHints":{"allow":["GET"]}}],"collection":[{"href":"https:\/\/www.straz.pulawy.pl\/index.php?rest_route=\/wp\/v2\/pages"}],"about":[{"href":"https:\/\/www.straz.pulawy.pl\/index.php?rest_route=\/wp\/v2\/types\/page"}],"author":[{"embeddable":true,"href":"https:\/\/www.straz.pulawy.pl\/index.php?rest_route=\/wp\/v2\/users\/13"}],"replies":[{"embeddable":true,"href":"https:\/\/www.straz.pulawy.pl\/index.php?rest_route=%2Fwp%2Fv2%2Fcomments&post=6937"}],"version-history":[{"count":1,"href":"https:\/\/www.straz.pulawy.pl\/index.php?rest_route=\/wp\/v2\/pages\/6937\/revisions"}],"predecessor-version":[{"id":6938,"href":"https:\/\/www.straz.pulawy.pl\/index.php?rest_route=\/wp\/v2\/pages\/6937\/revisions\/6938"}],"wp:attachment":[{"href":"https:\/\/www.straz.pulawy.pl\/index.php?rest_route=%2Fwp%2Fv2%2Fmedia&parent=6937"}],"curies":[{"name":"wp","href":"https:\/\/api.w.org\/{rel}","templated":true}]}}