{"id":4851,"date":"2021-09-24T14:02:48","date_gmt":"2021-09-24T12:02:48","guid":{"rendered":"https:\/\/www.straz.pulawy.pl\/?page_id=4851"},"modified":"2021-09-30T15:50:10","modified_gmt":"2021-09-30T13:50:10","slug":"tlumacz-jezyka-migowego","status":"publish","type":"page","link":"https:\/\/www.straz.pulawy.pl\/?page_id=4851","title":{"rendered":"T\u0142umacz j\u0119zyka migowego"},"content":{"rendered":"<p>Informacja w j\u0119zyku migowym o dzia\u0142alno\u015bci Komendy Powiatowej Pa\u0144stwowej Stra\u017cy Po\u017carnej w Pu\u0142awach<\/p>\n<p><iframe loading=\"lazy\" title=\"Informacja w j\u0119zyku migowym o dzia\u0142alno\u015bci Komendy Powiatowej Pa\u0144stwowej Stra\u017cy Po\u017carnej w Pu\u0142awach\" width=\"474\" height=\"267\" src=\"https:\/\/www.youtube.com\/embed\/aPyIDzoKnxU?feature=oembed\" frameborder=\"0\" allow=\"accelerometer; autoplay; clipboard-write; encrypted-media; gyroscope; picture-in-picture; web-share\" referrerpolicy=\"strict-origin-when-cross-origin\" allowfullscreen><\/iframe><\/p>\n<p><img loading=\"lazy\" decoding=\"async\" class=\"alignnone size-full wp-image-4886\" src=\"https:\/\/www.straz.pulawy.pl\/wp-content\/uploads\/2021\/09\/logo-jezyk-migowy.jpg\" alt=\"\" width=\"300\" height=\"220\" \/><\/p>\n<p><a href=\"https:\/\/www.straz.pulawy.pl\/wp-content\/uploads\/2021\/09\/Wniosek-o-zapewnienie-tlumacza-online.docx\">Wiosek o zapewnienie t\u0142umacza online<\/a><\/p>\n<p>Komenda Powiatowa Pa\u0144stwowej Stra\u017cy Po\u017carnej w Pu\u0142awach realizuj\u0105c zapisy ustawy z dnia 19.07.2019 r . o zapewnieniu dost\u0119pno\u015bci osobom ze szczeg\u00f3lnymi potrzebami (tekst jedn. Dz. U z 2020 r., poz. 1062) oraz ustawy z dnia 19 sierpnia 2011 r. o j\u0119zyku migowym i innych \u015brodkach komunikowania si\u0119 (tekst jedn. Dz. U. z 2017 r., poz.1824), umo\u017cliwia osobom g\u0142uchym lub s\u0142abos\u0142ysz\u0105cym korzystanie z pomocy t\u0142umacza j\u0119zyka migowego online.<\/p>\n<p>&nbsp;<\/p>\n","protected":false},"excerpt":{"rendered":"<p>Informacja w j\u0119zyku migowym o dzia\u0142alno\u015bci Komendy Powiatowej Pa\u0144stwowej Stra\u017cy Po\u017carnej w Pu\u0142awach Wiosek o zapewnienie t\u0142umacza online Komenda Powiatowa Pa\u0144stwowej Stra\u017cy Po\u017carnej w Pu\u0142awach realizuj\u0105c zapisy ustawy z dnia 19.07.2019 r . o zapewnieniu dost\u0119pno\u015bci osobom ze szczeg\u00f3lnymi potrzebami (tekst jedn. Dz. U z 2020 r., poz. 1062) oraz ustawy z dnia 19 sierpnia [&hellip;]<\/p>\n","protected":false},"author":9,"featured_media":0,"parent":0,"menu_order":0,"comment_status":"closed","ping_status":"closed","template":"","meta":{"footnotes":"","_links_to":"","_links_to_target":""},"class_list":["post-4851","page","type-page","status-publish","hentry"],"_links":{"self":[{"href":"https:\/\/www.straz.pulawy.pl\/index.php?rest_route=\/wp\/v2\/pages\/4851","targetHints":{"allow":["GET"]}}],"collection":[{"href":"https:\/\/www.straz.pulawy.pl\/index.php?rest_route=\/wp\/v2\/pages"}],"about":[{"href":"https:\/\/www.straz.pulawy.pl\/index.php?rest_route=\/wp\/v2\/types\/page"}],"author":[{"embeddable":true,"href":"https:\/\/www.straz.pulawy.pl\/index.php?rest_route=\/wp\/v2\/users\/9"}],"replies":[{"embeddable":true,"href":"https:\/\/www.straz.pulawy.pl\/index.php?rest_route=%2Fwp%2Fv2%2Fcomments&post=4851"}],"version-history":[{"count":5,"href":"https:\/\/www.straz.pulawy.pl\/index.php?rest_route=\/wp\/v2\/pages\/4851\/revisions"}],"predecessor-version":[{"id":4892,"href":"https:\/\/www.straz.pulawy.pl\/index.php?rest_route=\/wp\/v2\/pages\/4851\/revisions\/4892"}],"wp:attachment":[{"href":"https:\/\/www.straz.pulawy.pl\/index.php?rest_route=%2Fwp%2Fv2%2Fmedia&parent=4851"}],"curies":[{"name":"wp","href":"https:\/\/api.w.org\/{rel}","templated":true}]}}

Tłumacz języka migowego

<p>Informacja w języku migowym o działalności Komendy Powiatowej Państwowej Straży Pożarnej w Puławach</p>
<p><iframe loading="lazy" title="Informacja w języku migowym o działalności Komendy Powiatowej Państwowej Straży Pożarnej w Puławach" width="474" height="267" src="https://www.youtube.com/embed/aPyIDzoKnxU?feature=oembed" frameborder="0" allow="accelerometer; autoplay; clipboard-write; encrypted-media; gyroscope; picture-in-picture; web-share" referrerpolicy="strict-origin-when-cross-origin" allowfullscreen></iframe></p>
<p><img loading="lazy" decoding="async" class="alignnone size-full wp-image-4886" src="https://www.straz.pulawy.pl/wp-content/uploads/2021/09/logo-jezyk-migowy.jpg" alt="" width="300" height="220" /></p>
<p><a href="https://www.straz.pulawy.pl/wp-content/uploads/2021/09/Wniosek-o-zapewnienie-tlumacza-online.docx">Wiosek o zapewnienie tłumacza online</a></p>
<p>Komenda Powiatowa Państwowej Straży Pożarnej w Puławach realizując zapisy ustawy z dnia 19.07.2019 r . o zapewnieniu dostępności osobom ze szczególnymi potrzebami (tekst jedn. Dz. U z 2020 r., poz. 1062) oraz ustawy z dnia 19 sierpnia 2011 r. o języku migowym i innych środkach komunikowania się (tekst jedn. Dz. U. z 2017 r., poz.1824), umożliwia osobom głuchym lub słabosłyszącym korzystanie z pomocy tłumacza języka migowego online.</p>
<p>&nbsp;</p>

<p>Informacja w języku migowym o działalności Komendy Powiatowej Państwowej Straży Pożarnej w Puławach Wiosek o zapewnienie tłumacza online Komenda Powiatowa Państwowej Straży Pożarnej w Puławach realizując zapisy ustawy z dnia 19.07.2019 r . o zapewnieniu dostępności osobom ze szczególnymi potrzebami (tekst jedn. Dz. U z 2020 r., poz. 1062) oraz ustawy z dnia 19 sierpnia [&hellip;]</p>
