{"id":4055,"date":"2020-10-13T10:04:22","date_gmt":"2020-10-13T08:04:22","guid":{"rendered":"http:\/\/www.straz.pulawy.pl\/?page_id=4055"},"modified":"2026-03-31T11:19:55","modified_gmt":"2026-03-31T09:19:55","slug":"koordynator-ds-dostepnosci","status":"publish","type":"page","link":"https:\/\/www.straz.pulawy.pl\/?page_id=4055","title":{"rendered":"Deklaracja dost\u0119pno\u015bci"},"content":{"rendered":"<p>[vc_row][vc_column][vc_basic_grid post_type=&#8221;ids&#8221; element_width=&#8221;3&#8243; item=&#8221;2559&#8243; grid_id=&#8221;vc_gid:1774948770280-26e4fe49-c2cf-8&#8243; include=&#8221;4855, 4853, 4857, 4851&#8243; el_class=&#8221;background-red&#8221;][vc_column_text]<\/p>\n<h1>Deklaracja dost\u0119pno\u015bci<\/h1>\n<section id=\"a11y-wstep\"><span id=\"a11y-podmiot\">Komenda Powiatowa Pa\u0144stwowej Stra\u017cy Po\u017carnej w Pu\u0142awach <\/span>zobowi\u0105zuje si\u0119 zapewni\u0107 dost\u0119pno\u015b\u0107 swojej <span id=\"a11y-zakres\">strony internetowej<\/span> zgodnie z ustaw\u0105 z dnia 4 kwietnia 2019 r. o dost\u0119pno\u015bci cyfrowej stron internetowych i aplikacji mobilnych podmiot\u00f3w publicznych. Deklaracja dost\u0119pno\u015bci dotyczy strony https:\/\/www.straz.pulawy.pl\/<\/section>\n<section>\n<ul>\n<li>Data publikacji strony internetowej: 29 kwietnia 2019<time id=\"a11y-data-publikacja\" datetime=\"2012-06-14\">\u00a0r.<\/time><\/li>\n<li>Data ostatniej istotnej aktualizacji: 31<time id=\"a11y-data-aktualizacja\" datetime=\"2020-06-23\"> marca 2026 r.<\/time><\/li>\n<\/ul>\n<\/section>\n<section>\n<h2>Stan dost\u0119pno\u015bci cyfrowej<\/h2>\n<p id=\"a11y-status\">Ta strona internetowa jest cz\u0119\u015bciowo zgodna z za\u0142\u0105cznikiem do ustawy o dost\u0119pno\u015bci cyfrowej z dnia 4 kwietnia 2019 r. o dost\u0119pno\u015bci cyfrowej stron internetowych i aplikacji mobilnych podmiot\u00f3w publicznych z powodu niezgodno\u015bci i wy\u0142\u0105cze\u0144 wymienionych poni\u017cej.<\/p>\n<\/section>\n<section>\n<h2>Niedost\u0119pne tre\u015bci<\/h2>\n<section>\n<h3>Tre\u015bci nieobj\u0119te przepisami<\/h3>\n<ul>\n<li>Zamieszczone na stronie informacje, w postaci artyku\u0142\u00f3w lub za\u0142\u0105cznik\u00f3w, nie s\u0105 dost\u0119pne cyfrowo w ca\u0142o\u015bci, poniewa\u017c nie s\u0105 wykorzystywane do realizacji bie\u017c\u0105cych zada\u0144.<\/li>\n<li>Zamieszczone na stronie filmy nie posiadaj\u0105 napis\u00f3w dla os\u00f3b G\u0142uchych, pochodz\u0105 z innych \u017ar\u00f3de\u0142, maj\u0105 tylko charakter promocyjny i nie s\u0105 wykorzystywane do realizacji bie\u017c\u0105cych zada\u0144.<\/li>\n<\/ul>\n<\/section>\n<\/section>\n<section>\n<h2>Przygotowanie deklaracji dost\u0119pno\u015bci<\/h2>\n<ul>\n<li>Data sporz\u0105dzenia deklaracji: <time id=\"a11y-data-sporzadzenie\" datetime=\"2020-10-30\">30 pa\u017adziernika 2020 r.<\/time><\/li>\n<li>Data ostatniego przegl\u0105du deklaracji: 31 marca<time id=\"a11y-data-przeglad\" datetime=\"2025-03-19\"> 2026 r.<\/time><\/li>\n<\/ul>\n<p>Deklaracja sporz\u0105dzona na podstawie samooceny przeprowadzonej przez podmiot publiczny.<\/p>\n<\/section>\n<section>\n<h2>Skr\u00f3ty klawiaturowe<\/h2>\n<ul>\n<li>Na stronie internetowej mo\u017cna korzysta\u0107 ze standardowych skr\u00f3t\u00f3w klawiaturowych.<\/li>\n<li>W prawym g\u00f3rnym rogu strony komendy, zainstalowana jest wtyczka u\u0142atwiaj\u0105ca dost\u0119p do strony osobom ze szczeg\u00f3lnymi potrzebami tj. opcja: powi\u0119ksz tekst, pomniejsz tekst, skala szaro\u015bci, wysoki kontrast, odwr\u00f3cony kontrast, pod\u015bwietlenie t\u0142a, podkre\u015bl linki, czytelna czcionka.<\/li>\n<li>U\u017cytkownicy korzystaj\u0105cy wy\u0142\u0105cznie z klawiatury mog\u0105 swobodnie porusza\u0107 si\u0119 po serwisie za pomoc\u0105 klawisza Tab (dalej) i Shift+TAB (wstecz).<\/li>\n<\/ul>\n<\/section>\n<section>\n<h2>Informacje zwrotne i dane kontaktowe<\/h2>\n<p>Wszystkie problemy z dost\u0119pno\u015bci\u0105 cyfrow\u0105 tej strony internetowej mo\u017cesz zg\u0142osi\u0107 do koordynatora ds. dost\u0119pno\u015bci. Osob\u0105 kontaktow\u0105 jest starszy sekcyjny Patrycja Chomiuk e-mail: <a href=\"mailto:p.chomiuk@straz.pulawy.pl\">p.chomiuk@straz.pulawy.pl<\/a> lub telefonicznie <a href=\"http:\/\/tel 81 886 11 96\">81 585 53 17<\/a><\/p>\n<p>Ka\u017cdy ma prawo wyst\u0105pi\u0107 z \u017c\u0105daniem zapewnienia dost\u0119pno\u015bci cyfrowej tej strony internetowej lub jej element\u00f3w.<\/p>\n<p>Zg\u0142aszaj\u0105c takie \u017c\u0105danie podaj:<\/p>\n<ul>\n<li>swoje imi\u0119 i nazwisko,<\/li>\n<li>swoje dane kontaktowe (np. numer telefonu, e-mail),<\/li>\n<li>dok\u0142adny adres strony internetowej, na kt\u00f3rej jest niedost\u0119pny cyfrowo element lub tre\u015b\u0107,<\/li>\n<li>opis na czym polega problem i jaki spos\u00f3b jego rozwi\u0105zania by\u0142by dla Ciebie najwygodniejszy.<\/li>\n<\/ul>\n<p>Na Twoje zg\u0142oszenie odpowiemy najszybciej jak to mo\u017cliwe, nie p\u00f3\u017aniej ni\u017c w ci\u0105gu 7 dni od jego otrzymania.<\/p>\n<p>Je\u017celi ten termin b\u0119dzie dla nas zbyt kr\u00f3tki poinformujemy Ci\u0119 o tym. W tej informacji podamy nowy termin, do kt\u00f3rego poprawimy zg\u0142oszone przez Ciebie b\u0142\u0119dy lub przygotujemy informacje w alternatywny spos\u00f3b. Ten nowy termin nie b\u0119dzie d\u0142u\u017cszy ni\u017c 2 miesi\u0105ce.<\/p>\n<p>Je\u017celi nie b\u0119dziemy w stanie zapewni\u0107 dost\u0119pno\u015bci cyfrowej strony internetowej lub tre\u015bci, wskazanej w Twoim \u017c\u0105daniu, zaproponujemy Ci dost\u0119p do nich w alternatywny spos\u00f3b.<\/p>\n<\/section>\n<section id=\"a11y-procedura\">\n<h2>Obs\u0142uga wniosk\u00f3w i skarg zwi\u0105zanych z dost\u0119pno\u015bci\u0105<\/h2>\n<p>Je\u017celi w odpowiedzi na Tw\u00f3j wniosek o zapewnienie dost\u0119pno\u015bci cyfrowej, odm\u00f3wimy zapewnienia \u017c\u0105danej przez Ciebie dost\u0119pno\u015bci cyfrowej, a Ty nie zgadzasz si\u0119 z t\u0105 odmow\u0105, masz prawo z\u0142o\u017cy\u0107 skarg\u0119.<\/p>\n<p>Skarg\u0119 masz prawo z\u0142o\u017cy\u0107 tak\u017ce, je\u015bli nie zgadzasz si\u0119 na skorzystanie z alternatywnego sposobu dost\u0119pu, kt\u00f3ry zaproponowali\u015bmy Ci w odpowiedzi na Tw\u00f3j wniosek o zapewnienie dost\u0119pno\u015bci cyfrowej.<\/p>\n<p>Ewentualn\u0105 skarg\u0119 z\u0142\u00f3\u017c listownie lub mailem do kierownictwa naszego urz\u0119du:<\/p>\n<ul>\n<li><span id=\"a11y-procedura-kierownik\">starszy brygadier Krzysztof Morawski Komendant Powiatowy Pa\u0144stwowej Stra\u017cy Po\u017carnej w Pu\u0142awach\u00a0<\/span><\/li>\n<li>Adres: <span id=\"a11y-procedura-adres\">ul. Lubelska 51, 24-100 Pu\u0142awy<\/span><\/li>\n<li>e-mail: <a href=\"mailto:sekretariat@straz.pulawy.pl\">sekretariat@straz.pulawy.pl<\/a><\/li>\n<\/ul>\n<p><a role=\"link\" href=\"https:\/\/www.gov.pl\/web\/gov\/zloz-wniosek-o-zapewnienie-dostepnosci-cyfrowej-strony-internetowej-lub-aplikacji-mobilnej\">Pomocne mog\u0105 by\u0107 informacje, kt\u00f3re mo\u017cna znale\u017a\u0107 na rz\u0105dowym portalu gov.pl<\/a>.<\/p>\n<p>Mo\u017cesz tak\u017ce poinformowa\u0107 o tej sytuacji <a role=\"link\" href=\"https:\/\/bip.brpo.gov.pl\/\">Rzecznika Praw Obywatelskich<\/a> i poprosi\u0107 o interwencj\u0119 w Twojej sprawie.<\/p>\n<\/section>\n<section>\n<h2>Pozosta\u0142e informacje<\/h2>\n<section id=\"a11y-architektura\">\n<h3>Dost\u0119pno\u015b\u0107 architektoniczna<\/h3>\n<section>\n<h4>Komenda Powiatowa Pa\u0144stwowej Stra\u017cy Po\u017carnej w Pu\u0142awach<\/h4>\n<address>\n<div>ul. Lubelska 51<\/div>\n<div>24-100 Pu\u0142awy<\/div>\n<\/address>\n<p>Wej\u015bcie g\u0142\u00f3wne do budynku od ul. S\u0142owackiego posiada utwardzon\u0105 nawierzchni\u0119.<\/p>\n<p>Przy wej\u015bciu g\u0142\u00f3wnym wyznaczono miejsce parkingowe dla os\u00f3b z niepe\u0142nosprawno\u015bciami.<\/p>\n<p>Do wej\u015bcia do budynku prowadz\u0105 dwa doj\u015bcia.<\/p>\n<p>Pierwsze z nich prowadzi po schodach sk\u0142adaj\u0105cych si\u0119 z czterech stopni, wyposa\u017conych w por\u0119cze po obu stronach. Na por\u0119czach umieszczono oznaczenia w alfabecie Braille\u2019a. Nawierzchnia w obr\u0119bie schod\u00f3w jest utwardzona oraz posiada oznaczenia u\u0142atwiaj\u0105ce poruszanie si\u0119 osobom z niepe\u0142nosprawno\u015bciami.<\/p>\n<p>Drugie doj\u015bcie prowadzi od strony placu zewn\u0119trznego i jest pozbawione stopni, co umo\u017cliwia swobodny dost\u0119p osobom poruszaj\u0105cym si\u0119 na w\u00f3zkach.<\/p>\n<p>Drzwi wej\u015bciowe do budynku otwierane s\u0105 r\u0119cznie.<\/p>\n<p>Po wej\u015bciu do budynku, po prawej stronie, znajduje si\u0119 domofon wraz z instrukcj\u0105 obs\u0142ugi.<\/p>\n<p>Po lewej stronie zlokalizowano okno umo\u017cliwiaj\u0105ce kontakt z funkcjonariuszem pe\u0142ni\u0105cym s\u0142u\u017cb\u0119 na Stanowisku Kierowania Komendanta Powiatowego, kt\u00f3re stanowi r\u00f3wnie\u017c miejsce uzyskania dodatkowych informacji.<\/p>\n<p>W budynku dost\u0119pna jest informacja o rozk\u0142adzie pomieszcze\u0144.<\/p>\n<p>Obs\u0142uga interesant\u00f3w odbywa si\u0119 na pierwszym pi\u0119trze.<\/p>\n<p>Budynek wyposa\u017cony jest w wind\u0119.<\/p>\n<p>Do budynku oraz pomieszcze\u0144 zajmowanych przez Komend\u0119 Powiatow\u0105 Pa\u0144stwowej Stra\u017cy Po\u017carnej w Pu\u0142awach mo\u017cna wej\u015b\u0107 z psem asystuj\u0105cym oraz psem przewodnikiem.<\/p>\n<p>Toalety w budynku s\u0105 przystosowane do potrzeb os\u00f3b z niepe\u0142nosprawno\u015bciami poruszaj\u0105cych si\u0119 na w\u00f3zkach.<\/p>\n<p>Istnieje mo\u017cliwo\u015b\u0107 zapewnienia asysty przez pracownik\u00f3w Komendy przy wej\u015bciu do budynku, po wcze\u015bniejszym uzgodnieniu telefonicznym \u2013 tel. +48 81 585 53 00<\/p>\n<\/section>\n<\/section>\n<section id=\"a11y-komunikacja\">\n<h3>Dost\u0119pno\u015b\u0107 komunikacyjno-informacyjna<\/h3>\n<ul>\n<li>Jak wnioskowa\u0107 o t\u0142umacza polskiego j\u0119zyka migowego: <a href=\"https:\/\/www.straz.pulawy.pl\/?page_id=4857\">(kliknij tutaj)<\/a><\/li>\n<li>Informacja o naszej dzia\u0142alno\u015bci w tek\u015bcie \u0142atwym do czytania (ETR): <a href=\"https:\/\/www.straz.pulawy.pl\/?page_id=4855\">(kliknij tutaj)<\/a><\/li>\n<li>Informacja o naszej dzia\u0142alno\u015bci w j\u0119zyku migowym (PJM): <a href=\"https:\/\/www.straz.pulawy.pl\/?page_id=4851\">(kliknij tutaj)<\/a><\/li>\n<li>W komendzie mo\u017cna skorzysta\u0107 z t\u0142umacza on-line przeznaczonego dla os\u00f3b nies\u0142ysz\u0105cych dost\u0119pnego na stronie internetowej Komendy Powiatowej Pa\u0144stwowej Stra\u017cy Po\u017carnej w Pu\u0142awach. Nale\u017cy klikn\u0105\u0107 w piktogram na g\u00f3rze strony. Us\u0142uga jest dost\u0119pna w godzinach pracy urz\u0119du.W budynku nie ma p\u0119tli indukcyjnych.<\/li>\n<\/ul>\n<p><a href=\"https:\/\/www.straz.pulawy.pl\/wp-content\/uploads\/2025\/05\/Raport-o-stanie-zapewnienia-dostepnosci-2025.pdf\">Raport o stanie zapewnienia dost\u0119pno\u015bci 2025 (kliknij tutaj)<\/a><\/p>\n<\/section>\n<\/section>\n<p>[\/vc_column_text][\/vc_column][\/vc_row][vc_row][vc_column][\/vc_column][\/vc_row]<\/p>\n","protected":false},"excerpt":{"rendered":"<p>[vc_row][vc_column][vc_basic_grid post_type=&#8221;ids&#8221; element_width=&#8221;3&#8243; item=&#8221;2559&#8243; grid_id=&#8221;vc_gid:1774948770280-26e4fe49-c2cf-8&#8243; include=&#8221;4855, 4853, 4857, 4851&#8243; el_class=&#8221;background-red&#8221;][vc_column_text] Deklaracja dost\u0119pno\u015bci Komenda Powiatowa Pa\u0144stwowej Stra\u017cy Po\u017carnej w Pu\u0142awach zobowi\u0105zuje si\u0119 zapewni\u0107 dost\u0119pno\u015b\u0107 swojej strony internetowej zgodnie z ustaw\u0105 z dnia 4 kwietnia 2019 r. o dost\u0119pno\u015bci cyfrowej stron internetowych i aplikacji mobilnych podmiot\u00f3w publicznych. Deklaracja dost\u0119pno\u015bci dotyczy strony https:\/\/www.straz.pulawy.pl\/ Data publikacji strony internetowej: 29 [&hellip;]<\/p>\n","protected":false},"author":2,"featured_media":0,"parent":0,"menu_order":0,"comment_status":"closed","ping_status":"closed","template":"","meta":{"footnotes":"","_links_to":"","_links_to_target":""},"class_list":["post-4055","page","type-page","status-publish","hentry"],"_links":{"self":[{"href":"https:\/\/www.straz.pulawy.pl\/index.php?rest_route=\/wp\/v2\/pages\/4055","targetHints":{"allow":["GET"]}}],"collection":[{"href":"https:\/\/www.straz.pulawy.pl\/index.php?rest_route=\/wp\/v2\/pages"}],"about":[{"href":"https:\/\/www.straz.pulawy.pl\/index.php?rest_route=\/wp\/v2\/types\/page"}],"author":[{"embeddable":true,"href":"https:\/\/www.straz.pulawy.pl\/index.php?rest_route=\/wp\/v2\/users\/2"}],"replies":[{"embeddable":true,"href":"https:\/\/www.straz.pulawy.pl\/index.php?rest_route=%2Fwp%2Fv2%2Fcomments&post=4055"}],"version-history":[{"count":34,"href":"https:\/\/www.straz.pulawy.pl\/index.php?rest_route=\/wp\/v2\/pages\/4055\/revisions"}],"predecessor-version":[{"id":7973,"href":"https:\/\/www.straz.pulawy.pl\/index.php?rest_route=\/wp\/v2\/pages\/4055\/revisions\/7973"}],"wp:attachment":[{"href":"https:\/\/www.straz.pulawy.pl\/index.php?rest_route=%2Fwp%2Fv2%2Fmedia&parent=4055"}],"curies":[{"name":"wp","href":"https:\/\/api.w.org\/{rel}","templated":true}]}}