{"id":3872,"date":"2020-04-28T16:45:09","date_gmt":"2020-04-28T14:45:09","guid":{"rendered":"http:\/\/www.straz.pulawy.pl\/?page_id=3872"},"modified":"2026-01-16T11:38:34","modified_gmt":"2026-01-16T10:38:34","slug":"sekretariat","status":"publish","type":"page","link":"https:\/\/www.straz.pulawy.pl\/?page_id=3872","title":{"rendered":"Sekretariat"},"content":{"rendered":"<div class=\"wpb_column vc_column_container vc_col-sm-4\">\n<div class=\"vc_column-inner \">\n<div class=\"wpb_wrapper\">\n<div class=\"wpb_text_column wpb_content_element \">\n<div class=\"wpb_wrapper\">\n<p>Adres do e-Dor\u0119cze\u0144: AE:PL-91622-50476-WERTJ-15<\/p>\n<p><strong>Komenda Powiatowa Pa\u0144stwowej Stra\u017cy Po\u017carnej w Pu\u0142awach<br \/>\n<\/strong>ul. Lubelska 51, 24-100 Pu\u0142awy<br \/>\nNIP: 716-22-75-771<\/p>\n<p><strong>Sekretariat:<\/strong><br \/>\ntelefon \u2013 81 585 53 00<br \/>\nfax \u2013 81 585 53 20<br \/>\nsekretariat@straz.pulawy.pl<\/p>\n<p>Adres do e-Dor\u0119cze\u0144: AE:PL-91622-50476-WERTJ-15<\/p>\n<p><strong>Godziny pracy<\/strong><br \/>\nod poniedzia\u0142ku do pi\u0105tku<br \/>\nw godz. 7:30 \u2013 15:30<\/p>\n<\/div>\n<\/div>\n<\/div>\n<\/div>\n<\/div>\n","protected":false},"excerpt":{"rendered":"<p>Adres do e-Dor\u0119cze\u0144: AE:PL-91622-50476-WERTJ-15 Komenda Powiatowa Pa\u0144stwowej Stra\u017cy Po\u017carnej w Pu\u0142awach ul. Lubelska 51, 24-100 Pu\u0142awy NIP: 716-22-75-771 Sekretariat: telefon \u2013 81 585 53 00 fax \u2013 81 585 53 20 sekretariat@straz.pulawy.pl Adres do e-Dor\u0119cze\u0144: AE:PL-91622-50476-WERTJ-15 Godziny pracy od poniedzia\u0142ku do pi\u0105tku w godz. 7:30 \u2013 15:30<\/p>\n","protected":false},"author":2,"featured_media":0,"parent":0,"menu_order":0,"comment_status":"closed","ping_status":"closed","template":"","meta":{"footnotes":"","_links_to":"","_links_to_target":""},"class_list":["post-3872","page","type-page","status-publish","hentry"],"_links":{"self":[{"href":"https:\/\/www.straz.pulawy.pl\/index.php?rest_route=\/wp\/v2\/pages\/3872","targetHints":{"allow":["GET"]}}],"collection":[{"href":"https:\/\/www.straz.pulawy.pl\/index.php?rest_route=\/wp\/v2\/pages"}],"about":[{"href":"https:\/\/www.straz.pulawy.pl\/index.php?rest_route=\/wp\/v2\/types\/page"}],"author":[{"embeddable":true,"href":"https:\/\/www.straz.pulawy.pl\/index.php?rest_route=\/wp\/v2\/users\/2"}],"replies":[{"embeddable":true,"href":"https:\/\/www.straz.pulawy.pl\/index.php?rest_route=%2Fwp%2Fv2%2Fcomments&post=3872"}],"version-history":[{"count":10,"href":"https:\/\/www.straz.pulawy.pl\/index.php?rest_route=\/wp\/v2\/pages\/3872\/revisions"}],"predecessor-version":[{"id":7828,"href":"https:\/\/www.straz.pulawy.pl\/index.php?rest_route=\/wp\/v2\/pages\/3872\/revisions\/7828"}],"wp:attachment":[{"href":"https:\/\/www.straz.pulawy.pl\/index.php?rest_route=%2Fwp%2Fv2%2Fmedia&parent=3872"}],"curies":[{"name":"wp","href":"https:\/\/api.w.org\/{rel}","templated":true}]}}