{"id":2791,"date":"2019-05-28T10:13:33","date_gmt":"2019-05-28T08:13:33","guid":{"rendered":"http:\/\/www.straz.pulawy.pl\/?page_id=2791"},"modified":"2025-05-13T20:13:52","modified_gmt":"2025-05-13T18:13:52","slug":"dotacje-mswia","status":"publish","type":"page","link":"https:\/\/www.straz.pulawy.pl\/?page_id=2791","title":{"rendered":"Dotacje MSWiA"},"content":{"rendered":"<div class=\"field field-name-body field-type-text-with-summary field-label-hidden clearfix\">\n<div class=\"field-items\">\n<div class=\"field-item even\">\n<p><strong>Dotacje MSWiA 2025 r.<\/strong><\/p>\n<p><a href=\"https:\/\/www.straz.pulawy.pl\/wp-content\/uploads\/2025\/05\/Zal.-3.-Zakres-przedmiotowy-dotacji-MSWiA-na-rok-2025-2.pdf\">Zakres przedmiotowy dotacji MSWiA w 2025 r.<\/a><\/p>\n<p><a href=\"http:\/\/www.straz.pulawy.pl\/wp-content\/uploads\/2024\/04\/1-Wniosek-KSRG-MSWiA-1.docx\">Wz\u00f3r wniosku o dotacje MSWiA.<\/a><\/p>\n<p><a href=\"http:\/\/www.straz.pulawy.pl\/wp-content\/uploads\/2023\/04\/17-Wytyczne-do-rozliczenia-dotacji-MSWiA.pdf\">Wytyczne do rozliczania dotacji MSWiA.<\/a><\/p>\n<ul>\n<li><a href=\"http:\/\/www.straz.pulawy.pl\/wp-content\/uploads\/2019\/10\/Tablica-MSWiA.pdf\"><strong>Wz\u00f3r naklejki do oznakowania sprz\u0119tu (pobierz)<\/strong><\/a><\/li>\n<li><a href=\"http:\/\/www.straz.pulawy.pl\/wp-content\/uploads\/2019\/10\/Tablica-MSWiA.pdf\"><strong>Wz\u00f3r tablicy do oznakowania remontu (pobierz)<\/strong><\/a><\/li>\n<\/ul>\n<p>Oznakowanie sprz\u0119tu !<\/p>\n<p>Informacja wskazuj\u0105ca, i\u017c zakup zosta\u0142 dofinansowany ze \u015brodk\u00f3w MSWiA powinna by\u0107 umieszczona proporcjonalnie i adekwatnie do wielko\u015bci i gabaryt\u00f3w sprz\u0119tu czy odzie\u017cy specjalnej, tak aby nie zosta\u0142y zaburzone funkcjonalno\u015bci tych zakup\u00f3w.<\/p>\n<\/div>\n<\/div>\n<\/div>\n","protected":false},"excerpt":{"rendered":"<p>Dotacje MSWiA 2025 r. Zakres przedmiotowy dotacji MSWiA w 2025 r. Wz\u00f3r wniosku o dotacje MSWiA. Wytyczne do rozliczania dotacji MSWiA. Wz\u00f3r naklejki do oznakowania sprz\u0119tu (pobierz) Wz\u00f3r tablicy do oznakowania remontu (pobierz) Oznakowanie sprz\u0119tu ! Informacja wskazuj\u0105ca, i\u017c zakup zosta\u0142 dofinansowany ze \u015brodk\u00f3w MSWiA powinna by\u0107 umieszczona proporcjonalnie i adekwatnie do wielko\u015bci i gabaryt\u00f3w [&hellip;]<\/p>\n","protected":false},"author":2,"featured_media":0,"parent":0,"menu_order":0,"comment_status":"closed","ping_status":"closed","template":"","meta":{"footnotes":"","_links_to":"","_links_to_target":""},"class_list":["post-2791","page","type-page","status-publish","hentry"],"_links":{"self":[{"href":"https:\/\/www.straz.pulawy.pl\/index.php?rest_route=\/wp\/v2\/pages\/2791","targetHints":{"allow":["GET"]}}],"collection":[{"href":"https:\/\/www.straz.pulawy.pl\/index.php?rest_route=\/wp\/v2\/pages"}],"about":[{"href":"https:\/\/www.straz.pulawy.pl\/index.php?rest_route=\/wp\/v2\/types\/page"}],"author":[{"embeddable":true,"href":"https:\/\/www.straz.pulawy.pl\/index.php?rest_route=\/wp\/v2\/users\/2"}],"replies":[{"embeddable":true,"href":"https:\/\/www.straz.pulawy.pl\/index.php?rest_route=%2Fwp%2Fv2%2Fcomments&post=2791"}],"version-history":[{"count":27,"href":"https:\/\/www.straz.pulawy.pl\/index.php?rest_route=\/wp\/v2\/pages\/2791\/revisions"}],"predecessor-version":[{"id":7404,"href":"https:\/\/www.straz.pulawy.pl\/index.php?rest_route=\/wp\/v2\/pages\/2791\/revisions\/7404"}],"wp:attachment":[{"href":"https:\/\/www.straz.pulawy.pl\/index.php?rest_route=%2Fwp%2Fv2%2Fmedia&parent=2791"}],"curies":[{"name":"wp","href":"https:\/\/api.w.org\/{rel}","templated":true}]}}