{"id":234,"date":"2019-04-29T21:04:08","date_gmt":"2019-04-29T19:04:08","guid":{"rendered":"http:\/\/www.straz.pulawy.pl\/?page_id=234"},"modified":"2019-06-17T14:40:52","modified_gmt":"2019-06-17T12:40:52","slug":"skargi-i-wnioski","status":"publish","type":"page","link":"https:\/\/www.straz.pulawy.pl\/?page_id=234","title":{"rendered":"Skargi i wnioski"},"content":{"rendered":"<p>[vc_row][vc_column][vc_column_text]<strong>Przyj\u0119cia interesant\u00f3w w sprawie skarg i wniosk\u00f3w<\/strong><\/p>\n<p>Komendant Powiatowy Pa\u0144stwowej Stra\u017cy Po\u017carnej w Pu\u0142awach lub upowa\u017cniony Zast\u0119pca Komendanta Powiatowego Pa\u0144stwowej Stra\u017cy Po\u017carnej w Pu\u0142awach przyjmuje interesant\u00f3w w sprawach skarg i wniosk\u00f3w raz w tygodniu (poniedzia\u0142ek w godz. 9.00 &#8211; 12.00 oraz 15:30 &#8211; 16:00) po uprzednim telefonicznym uzgodnieniu z sekretariatem tel. (81) 888 65 95.<\/p>\n<p>W Komendzie Powiatowej Pa\u0144stwowej Stra\u017cy Po\u017carnej w Pu\u0142awach przyjmowaniem oraz rozpatrywaniem skarg i wniosk\u00f3w zajmuje si\u0119 Sekcja Organizacyjno \u2013 kadrowa od poniedzia\u0142ku do pi\u0105tku w godzinach 7.30-15.30.<br \/>\nTelefon kontaktowy (81) 888 65 95 lub (81) 880 14 89.<\/p>\n<p><strong>Skargi i wnioski mo\u017cna sk\u0142ada\u0107:<\/strong><\/p>\n<p>\u2013<strong> listownie na adres: <\/strong>Komenda Powiatowa Pa\u0144stwowej Stra\u017cy Po\u017carnej w Pu\u0142awach, ul. Lubelska 51, 24-100 Pu\u0142awy<br \/>\n\u2013 <strong>osobi\u015bcie<\/strong> w Sekretariacie KP PSP w Pu\u0142awach w godz. 7.30-15.30<br \/>\n\u2013 <strong>za po\u015brednictwem\u00a0<\/strong>ePUAP- adres strony internetowej\u00a0<a class=\"active\" href=\"http:\/\/www.epuap.gov.pl\/\">http:\/\/www.epuap.gov.pl\/<br \/>\n<\/a>\u2013<strong> za po\u015brednictwem poczty elektronicznej\u00a0<\/strong>\u2013 na adres <span id=\"sm5ce3a18db6842\">sekretariat(at)straz.pulawy.pl<\/span> z\u00a0zaznaczeniem w tytule \u201eSkarga\u201d lub \u201eWniosek\u201d<br \/>\n\u2013 <strong>faxem<\/strong> na nr (81) 888 65 96<br \/>\n\u2013 <strong>ustnie do protoko\u0142u <\/strong>po wcze\u015bniejszym telefonicznym skontaktowaniu si\u0119 z Sekretariatem KP PSP w Pu\u0142awach.<\/p>\n<p><strong>Wa\u017cne!<\/strong><\/p>\n<p><strong>Skargi\/wniosku nie mo\u017cna z\u0142o\u017cy\u0107 telefonicznie.<\/strong><\/p>\n<p><strong>Skarga\/wniosek powinny zawiera\u0107:\u00a0 imi\u0119 i nazwisko wnosz\u0105cego oraz\u00a0 dok\u0142adny adres do korespondencji.<\/strong>[\/vc_column_text][\/vc_column][\/vc_row]<\/p>\n","protected":false},"excerpt":{"rendered":"<p>[vc_row][vc_column][vc_column_text]Przyj\u0119cia interesant\u00f3w w sprawie skarg i wniosk\u00f3w Komendant Powiatowy Pa\u0144stwowej Stra\u017cy Po\u017carnej w Pu\u0142awach lub upowa\u017cniony Zast\u0119pca Komendanta Powiatowego Pa\u0144stwowej Stra\u017cy Po\u017carnej w Pu\u0142awach przyjmuje interesant\u00f3w w sprawach skarg i wniosk\u00f3w raz w tygodniu (poniedzia\u0142ek w godz. 9.00 &#8211; 12.00 oraz 15:30 &#8211; 16:00) po uprzednim telefonicznym uzgodnieniu z sekretariatem tel. (81) 888 65 95. [&hellip;]<\/p>\n","protected":false},"author":2,"featured_media":0,"parent":16,"menu_order":0,"comment_status":"closed","ping_status":"closed","template":"","meta":{"footnotes":"","_links_to":"","_links_to_target":""},"class_list":["post-234","page","type-page","status-publish","hentry"],"_links":{"self":[{"href":"https:\/\/www.straz.pulawy.pl\/index.php?rest_route=\/wp\/v2\/pages\/234","targetHints":{"allow":["GET"]}}],"collection":[{"href":"https:\/\/www.straz.pulawy.pl\/index.php?rest_route=\/wp\/v2\/pages"}],"about":[{"href":"https:\/\/www.straz.pulawy.pl\/index.php?rest_route=\/wp\/v2\/types\/page"}],"author":[{"embeddable":true,"href":"https:\/\/www.straz.pulawy.pl\/index.php?rest_route=\/wp\/v2\/users\/2"}],"replies":[{"embeddable":true,"href":"https:\/\/www.straz.pulawy.pl\/index.php?rest_route=%2Fwp%2Fv2%2Fcomments&post=234"}],"version-history":[{"count":5,"href":"https:\/\/www.straz.pulawy.pl\/index.php?rest_route=\/wp\/v2\/pages\/234\/revisions"}],"predecessor-version":[{"id":2867,"href":"https:\/\/www.straz.pulawy.pl\/index.php?rest_route=\/wp\/v2\/pages\/234\/revisions\/2867"}],"up":[{"embeddable":true,"href":"https:\/\/www.straz.pulawy.pl\/index.php?rest_route=\/wp\/v2\/pages\/16"}],"wp:attachment":[{"href":"https:\/\/www.straz.pulawy.pl\/index.php?rest_route=%2Fwp%2Fv2%2Fmedia&parent=234"}],"curies":[{"name":"wp","href":"https:\/\/api.w.org\/{rel}","templated":true}]}}