{"id":122,"date":"2019-04-22T12:59:15","date_gmt":"2019-04-22T10:59:15","guid":{"rendered":"http:\/\/www.straz.pulawy.pl\/?page_id=122"},"modified":"2022-01-04T09:57:01","modified_gmt":"2022-01-04T08:57:01","slug":"dla-pracownikow","status":"publish","type":"page","link":"https:\/\/www.straz.pulawy.pl\/?page_id=122","title":{"rendered":"Dla pracownik\u00f3w"},"content":{"rendered":"<p>[vc_row][vc_column][vc_custom_heading text=&#8221;Uwaga!&#8221; font_container=&#8221;tag:h3|text_align:left&#8221; use_theme_fonts=&#8221;yes&#8221;][vc_column_text]Wszystkie wnioski i o\u015bwiadczenia nale\u017cy sk\u0142ada\u0107 w sekretariacie KP PSP Pu\u0142awy w terminach okre\u015blonych w przepisach.[\/vc_column_text][\/vc_column][\/vc_row][vc_row][vc_column][vc_column_text]<strong>1. O\u015bwiadczenie maj\u0105tkowe.<\/strong>[\/vc_column_text][vc_btn title=&#8221;O\u015bwiadczenie maj\u0105tkowe.&#8221; shape=&#8221;square&#8221; align=&#8221;left&#8221; i_icon_fontawesome=&#8221;fa fa-download&#8221; add_icon=&#8221;true&#8221; custom_onclick=&#8221;true&#8221; link=&#8221;url:https%3A%2F%2Fwww.straz.pulawy.pl%2Fwp-content%2Fuploads%2F2021%2F11%2FOswiadczenie-majatkowe-wersja-PDF-1.pdf|||&#8221;][vc_btn title=&#8221;Opis koperty do o\u015bwidczenia maj\u0105tkowego&#8221; i_icon_fontawesome=&#8221;fa fa-download&#8221; add_icon=&#8221;true&#8221; link=&#8221;url:http%3A%2F%2Fwww.straz.pulawy.pl%2Fwp-content%2Fuploads%2F2021%2F11%2Fopis_do_kopert_oswiadczenie_majatkowe_wzor1.doc|||&#8221;][\/vc_column][\/vc_row][vc_row][vc_column][vc_column_text]<strong>2. O\u015bwiadczenie mieszkaniowe.<\/strong>[\/vc_column_text][vc_btn title=&#8221;O\u015bwiadczenie mieszkaniowe&#8221; shape=&#8221;square&#8221; align=&#8221;left&#8221; i_icon_fontawesome=&#8221;fa fa-download&#8221; add_icon=&#8221;true&#8221; link=&#8221;url:http%3A%2F%2Fwww.straz.pulawy.pl%2Fwp-content%2Fuploads%2F2022%2F01%2FOswiadczenie_mieszkaniowe-2022.doc|title:plik%20do%20pobrania|target:%20_blank|&#8221;][\/vc_column][\/vc_row][vc_row][vc_column][vc_column_text]<strong>3. Raport o dodatkowe zarobkowanie.<\/strong>[\/vc_column_text][vc_btn title=&#8221;Raport o dodatkowe zarobkowanie&#8221; shape=&#8221;square&#8221; align=&#8221;left&#8221; i_icon_fontawesome=&#8221;fa fa-download&#8221; add_icon=&#8221;true&#8221; link=&#8221;url:http%3A%2F%2Fwww.straz.pulawy.pl%2Fwp-content%2Fuploads%2F2021%2F09%2FRaport-o-dodatkowe-zatrudnienie.doc|title:plik%20do%20pobrania|target:%20_blank|&#8221;][vc_btn title=&#8221;Raport o dodatkowe zarobkowanie &#8211; informacja o cz\u0142onku rodziny&#8221; shape=&#8221;square&#8221; align=&#8221;left&#8221; i_icon_fontawesome=&#8221;fa fa-download&#8221; add_icon=&#8221;true&#8221; link=&#8221;url:%2Fwp-content%2Fuploads%2F2019%2F04%2Fraport_dodatkowe_zarobkowanie_-_informacja_o_czlonku_rodziny.doc|title:plik%20do%20pobrania|target:%20_blank|&#8221;][\/vc_column][\/vc_row][vc_row][vc_column][vc_column_text]<strong>4. Wniosek o udzielenie urlopu ojcowskiego.<\/strong>[\/vc_column_text][vc_btn title=&#8221;Wniosek o udzielenie urlopu ojcowskiego&#8221; shape=&#8221;square&#8221; align=&#8221;left&#8221; i_icon_fontawesome=&#8221;fa fa-download&#8221; add_icon=&#8221;true&#8221; link=&#8221;url:%2Fwp-content%2Fuploads%2F2019%2F04%2Fwniosek_wzor_urlop_ojcowski_0.docx|title:plik%20do%20pobrania|target:%20_blank|&#8221;][\/vc_column][\/vc_row][vc_row][vc_column][vc_column_text]<strong>5. O\u015bwiadczenie w razie konieczno\u015bci osobistego sprawowania opieki nad dzie\u0107mi i innymi cz\u0142onkami rodziny.<\/strong>[\/vc_column_text][vc_btn title=&#8221;O\u015bwiadczenie w razie konieczno\u015bci osobistego sprawowania opieki nad dzie\u0107mi i innymi cz\u0142onkami rodziny&#8221; shape=&#8221;square&#8221; align=&#8221;left&#8221; i_icon_fontawesome=&#8221;fa fa-download&#8221; add_icon=&#8221;true&#8221; link=&#8221;url:%2Fwp-content%2Fuploads%2F2019%2F04%2Fowiadczenie_opieka.doc|title:plik%20do%20pobrania|target:%20_blank|&#8221;][\/vc_column][\/vc_row][vc_row][vc_column][vc_column_text]<strong>6. Wniosek o przyznanie dop\u0142aty do wypoczynku<\/strong>[\/vc_column_text][\/vc_column][\/vc_row][vc_row][vc_column][vc_column_text]<strong>7. R\u00f3wnowa\u017cnik za przejazd na koszt PSP<\/strong>[\/vc_column_text][vc_btn title=&#8221;R\u00f3wnowa\u017cnik za przejazd na koszt PSP&#8221; shape=&#8221;square&#8221; align=&#8221;left&#8221; i_icon_fontawesome=&#8221;fa fa-download&#8221; add_icon=&#8221;true&#8221; link=&#8221;url:%2Fwp-content%2Fuploads%2F2019%2F04%2Frownowaznik_za_przejazd_mswia.doc|title:plik%20do%20pobrania|target:%20_blank|&#8221;][\/vc_column][\/vc_row][vc_row][vc_column][vc_column_text]<strong>8.\u00a0Wniosek o udzielenie urlopu dla systemu codziennego<\/strong>[\/vc_column_text][\/vc_column][\/vc_row][vc_row][vc_column][vc_column_text]<strong>9.\u00a0Wniosek o udzielenie urlopu dla systemu zmianowego<\/strong>[\/vc_column_text][\/vc_column][\/vc_row]<\/p>\n","protected":false},"excerpt":{"rendered":"<p>[vc_row][vc_column][vc_custom_heading text=&#8221;Uwaga!&#8221; font_container=&#8221;tag:h3|text_align:left&#8221; use_theme_fonts=&#8221;yes&#8221;][vc_column_text]Wszystkie wnioski i o\u015bwiadczenia nale\u017cy sk\u0142ada\u0107 w sekretariacie KP PSP Pu\u0142awy w terminach okre\u015blonych w przepisach.[\/vc_column_text][\/vc_column][\/vc_row][vc_row][vc_column][vc_column_text]1. O\u015bwiadczenie maj\u0105tkowe.[\/vc_column_text][vc_btn title=&#8221;O\u015bwiadczenie maj\u0105tkowe.&#8221; shape=&#8221;square&#8221; align=&#8221;left&#8221; i_icon_fontawesome=&#8221;fa fa-download&#8221; add_icon=&#8221;true&#8221; custom_onclick=&#8221;true&#8221; link=&#8221;url:https%3A%2F%2Fwww.straz.pulawy.pl%2Fwp-content%2Fuploads%2F2021%2F11%2FOswiadczenie-majatkowe-wersja-PDF-1.pdf|||&#8221;][vc_btn title=&#8221;Opis koperty do o\u015bwidczenia maj\u0105tkowego&#8221; i_icon_fontawesome=&#8221;fa fa-download&#8221; add_icon=&#8221;true&#8221; link=&#8221;url:http%3A%2F%2Fwww.straz.pulawy.pl%2Fwp-content%2Fuploads%2F2021%2F11%2Fopis_do_kopert_oswiadczenie_majatkowe_wzor1.doc|||&#8221;][\/vc_column][\/vc_row][vc_row][vc_column][vc_column_text]2. O\u015bwiadczenie mieszkaniowe.[\/vc_column_text][vc_btn title=&#8221;O\u015bwiadczenie mieszkaniowe&#8221; shape=&#8221;square&#8221; align=&#8221;left&#8221; i_icon_fontawesome=&#8221;fa fa-download&#8221; add_icon=&#8221;true&#8221; link=&#8221;url:http%3A%2F%2Fwww.straz.pulawy.pl%2Fwp-content%2Fuploads%2F2022%2F01%2FOswiadczenie_mieszkaniowe-2022.doc|title:plik%20do%20pobrania|target:%20_blank|&#8221;][\/vc_column][\/vc_row][vc_row][vc_column][vc_column_text]3. Raport o dodatkowe zarobkowanie.[\/vc_column_text][vc_btn title=&#8221;Raport o [&hellip;]<\/p>\n","protected":false},"author":2,"featured_media":0,"parent":0,"menu_order":0,"comment_status":"closed","ping_status":"closed","template":"","meta":{"footnotes":"","_links_to":"","_links_to_target":""},"class_list":["post-122","page","type-page","status-publish","hentry"],"_links":{"self":[{"href":"https:\/\/www.straz.pulawy.pl\/index.php?rest_route=\/wp\/v2\/pages\/122","targetHints":{"allow":["GET"]}}],"collection":[{"href":"https:\/\/www.straz.pulawy.pl\/index.php?rest_route=\/wp\/v2\/pages"}],"about":[{"href":"https:\/\/www.straz.pulawy.pl\/index.php?rest_route=\/wp\/v2\/types\/page"}],"author":[{"embeddable":true,"href":"https:\/\/www.straz.pulawy.pl\/index.php?rest_route=\/wp\/v2\/users\/2"}],"replies":[{"embeddable":true,"href":"https:\/\/www.straz.pulawy.pl\/index.php?rest_route=%2Fwp%2Fv2%2Fcomments&post=122"}],"version-history":[{"count":27,"href":"https:\/\/www.straz.pulawy.pl\/index.php?rest_route=\/wp\/v2\/pages\/122\/revisions"}],"predecessor-version":[{"id":5164,"href":"https:\/\/www.straz.pulawy.pl\/index.php?rest_route=\/wp\/v2\/pages\/122\/revisions\/5164"}],"wp:attachment":[{"href":"https:\/\/www.straz.pulawy.pl\/index.php?rest_route=%2Fwp%2Fv2%2Fmedia&parent=122"}],"curies":[{"name":"wp","href":"https:\/\/api.w.org\/{rel}","templated":true}]}}