{"id":7384,"date":"2025-05-11T11:54:55","date_gmt":"2025-05-11T09:54:55","guid":{"rendered":"https:\/\/www.straz.pulawy.pl\/?page_id=7384"},"modified":"2025-05-11T11:54:56","modified_gmt":"2025-05-11T09:54:56","slug":"e-doreczenia","status":"publish","type":"page","link":"http:\/\/www.straz.pulawy.pl\/?page_id=7384","title":{"rendered":"e-dor\u0119czenia"},"content":{"rendered":"\n<p>To elektroniczny odpowiednik listu poleconego za potwierdzeniem odbioru. Dzi\u0119ki tej us\u0142udze podmioty publiczne, obywatele i firmy mog\u0105 korzysta\u0107 z wygodnych i bezpiecznych dor\u0119cze\u0144 elektronicznych. S\u0105 one r\u00f3wnowa\u017cne prawnie tradycyjnej przesy\u0142ce poleconej za potwierdzeniem odbioru.<\/p>\n\n\n\n<p>Aby skorzysta\u0107 z e dor\u0119czenia przejd\u017a na stron\u0119 <a href=\"https:\/\/www.gov.pl\/web\/e-doreczenia\">e-Dor\u0119cze\u0144<\/a><\/p>\n\n\n\n<figure class=\"wp-block-image size-large\"><img loading=\"lazy\" decoding=\"async\" width=\"1024\" height=\"432\" src=\"https:\/\/www.straz.pulawy.pl\/wp-content\/uploads\/2025\/01\/1328x560-1024x432.png\" alt=\"\" class=\"wp-image-7116\" srcset=\"http:\/\/www.straz.pulawy.pl\/wp-content\/uploads\/2025\/01\/1328x560-1024x432.png 1024w, http:\/\/www.straz.pulawy.pl\/wp-content\/uploads\/2025\/01\/1328x560-300x127.png 300w, http:\/\/www.straz.pulawy.pl\/wp-content\/uploads\/2025\/01\/1328x560-768x324.png 768w, http:\/\/www.straz.pulawy.pl\/wp-content\/uploads\/2025\/01\/1328x560.png 1328w\" sizes=\"auto, (max-width: 1024px) 100vw, 1024px\" \/><\/figure>\n\n\n\n<p>Docelowo wszystkie podmioty publiczne, przedsi\u0119biorcy i zawody zaufania publicznego b\u0119d\u0105 mia\u0142y obowi\u0105zek mie\u0107 adres do dor\u0119cze\u0144 elektronicznych i prowadzi\u0107 korespondencj\u0119 za po\u015brednictwem e-Dor\u0119cze\u0144.<\/p>\n\n\n\n<p>Podstaw\u0105 prawn\u0105 dzia\u0142ania rejestrowanego dor\u0119czenia elektronicznego s\u0105: <a href=\"http:\/\/www.gov.pl\/e-doreczenia\/akty-prawne\">rozporz\u0105dzenie UE eIDAS i ustawa o dor\u0119czeniach elektronicznych UoDE<\/a>.<\/p>\n\n\n\n<h3 class=\"wp-block-heading\">Co wyr\u00f3\u017cnia e-Dor\u0119czenia<\/h3>\n\n\n\n<p><strong>Elektroniczne, czyli szybkie i wygodne<\/strong><\/p>\n\n\n\n<p>W skrzynce do e-Dor\u0119cze\u0144 mo\u017cesz wysy\u0142a\u0107 i odbiera\u0107 dokumenty elektroniczne o dogodnej porze i z dowolnego miejsca. Wystarczy, \u017ce masz internet. Nie musisz czeka\u0107 na listonosza ani i\u015b\u0107 na poczt\u0119.<br>Urz\u0119dy b\u0119d\u0105 komunikowa\u0107 si\u0119 z Tob\u0105 przez dor\u0119czenia elektroniczne i zarz\u0105dza\u0107 dokumentacj\u0105 w formie cyfrowej.<\/p>\n\n\n\n<p><strong>Rejestrowane, czyli bezpieczne i pewne<\/strong><\/p>\n\n\n\n<p>Gdy wysy\u0142asz dokumenty przez e-Dor\u0119czenia, trafiaj\u0105 one zawsze do w\u0142a\u015bciwej osoby. Gdy je odbierasz, wiesz, kto je wys\u0142a\u0142&nbsp;i masz pewno\u015b\u0107, \u017ce nikt si\u0119 nie podszywa pod t\u0119 osob\u0119 czy instytucj\u0119. Przes\u0142ane dokumenty pozostaj\u0105 nienaruszone. Mo\u017cesz r\u00f3wnie\u017c pobra\u0107 prawnie wa\u017cne dowody na to, kto i kiedy je wys\u0142a\u0142 i odebra\u0142.<\/p>\n\n\n\n<p><strong>Powszechne, czyli dla ka\u017cdego<\/strong><\/p>\n\n\n\n<p>e-Dor\u0119czenia s\u0105 dla obywateli, firm i urz\u0119d\u00f3w. \u017beby z nich korzysta\u0107, trzeba za\u0142o\u017cy\u0107 adres do e-Dor\u0119cze\u0144. Dla os\u00f3b, kt\u00f3re nie maj\u0105 jeszcze adresu do e-Dor\u0119cze\u0144, jest us\u0142uga hybrydowa (\u0142\u0105czona), czyli elektroniczno-papierowa. Urz\u0105d wysy\u0142a dokument elektroniczny, kt\u00f3ry trafia na poczt\u0119. Tam jest automatycznie drukowany i wysy\u0142any do adresata.<br><br>Stopniowo wszystkie urz\u0119dy zaczn\u0105 u\u017cywa\u0107 e-Dor\u0119cze\u0144 do komunikacji z obywatelami i firmami. B\u0119d\u0105 mog\u0142y po\u0142\u0105czy\u0107 z e-Dor\u0119czeniami swoje systemy elektronicznego zarz\u0105dzania dokumentami.<br>Dzi\u0119ki standardowi technicznemu e-Dor\u0119cze\u0144 r\u00f3wnie\u017c inni zaufani dostawcy na rynku b\u0119d\u0105 mogli uruchomi\u0107 us\u0142ug\u0119 rejestrowanego dor\u0119czenia elektronicznego.<\/p>\n\n\n\n<h3 class=\"wp-block-heading\">Kogo dotyczy obowi\u0105zek korzystania z e-Dor\u0119cze\u0144<\/h3>\n\n\n\n<p>Obowi\u0105zek korzystania z e-Dor\u0119cze\u0144 b\u0119dzie dotyczy\u0142 wszystkich podmiot\u00f3w public<\/p>\n\n\n\n<p><\/p>\n","protected":false},"excerpt":{"rendered":"<p>To elektroniczny odpowiednik listu poleconego za potwierdzeniem odbioru. Dzi\u0119ki tej us\u0142udze podmioty publiczne, obywatele i firmy mog\u0105 korzysta\u0107 z wygodnych i bezpiecznych dor\u0119cze\u0144 elektronicznych. S\u0105 one r\u00f3wnowa\u017cne prawnie tradycyjnej przesy\u0142ce poleconej za potwierdzeniem odbioru. Aby skorzysta\u0107 z e dor\u0119czenia przejd\u017a na stron\u0119 e-Dor\u0119cze\u0144 Docelowo wszystkie podmioty publiczne, przedsi\u0119biorcy i zawody zaufania publicznego b\u0119d\u0105 mia\u0142y obowi\u0105zek [&hellip;]<\/p>\n","protected":false},"author":2,"featured_media":0,"parent":0,"menu_order":0,"comment_status":"closed","ping_status":"closed","template":"","meta":{"footnotes":"","_links_to":"","_links_to_target":""},"class_list":["post-7384","page","type-page","status-publish","hentry"],"_links":{"self":[{"href":"http:\/\/www.straz.pulawy.pl\/index.php?rest_route=\/wp\/v2\/pages\/7384","targetHints":{"allow":["GET"]}}],"collection":[{"href":"http:\/\/www.straz.pulawy.pl\/index.php?rest_route=\/wp\/v2\/pages"}],"about":[{"href":"http:\/\/www.straz.pulawy.pl\/index.php?rest_route=\/wp\/v2\/types\/page"}],"author":[{"embeddable":true,"href":"http:\/\/www.straz.pulawy.pl\/index.php?rest_route=\/wp\/v2\/users\/2"}],"replies":[{"embeddable":true,"href":"http:\/\/www.straz.pulawy.pl\/index.php?rest_route=%2Fwp%2Fv2%2Fcomments&post=7384"}],"version-history":[{"count":1,"href":"http:\/\/www.straz.pulawy.pl\/index.php?rest_route=\/wp\/v2\/pages\/7384\/revisions"}],"predecessor-version":[{"id":7385,"href":"http:\/\/www.straz.pulawy.pl\/index.php?rest_route=\/wp\/v2\/pages\/7384\/revisions\/7385"}],"wp:attachment":[{"href":"http:\/\/www.straz.pulawy.pl\/index.php?rest_route=%2Fwp%2Fv2%2Fmedia&parent=7384"}],"curies":[{"name":"wp","href":"https:\/\/api.w.org\/{rel}","templated":true}]}}