{"id":7257,"date":"2025-03-02T22:26:06","date_gmt":"2025-03-02T21:26:06","guid":{"rendered":"https:\/\/www.straz.pulawy.pl\/?page_id=7257"},"modified":"2025-03-02T22:28:51","modified_gmt":"2025-03-02T21:28:51","slug":"komisja-ds-mlodziezy","status":"publish","type":"page","link":"http:\/\/www.straz.pulawy.pl\/?page_id=7257","title":{"rendered":"Komisja ds. m\u0142odzie\u017cy"},"content":{"rendered":"\n<p><strong>Prezydium komisji ds. m\u0142odzie\u017cy Oddzia\u0142u Powiatowego ZOSP RP w Pu\u0142awach<\/strong><\/p>\n\n\n\n<p>Przewodnicz\u0105cy &#8211; druh Kamil W\u00f3jcik &#8211; OSP Oblasy<\/p>\n\n\n\n<p>Wiceprzewodnicz\u0105cy &#8211; druh Emil G\u0142ogowski &#8211; OSP P\u0142onki<\/p>\n\n\n\n<p>Wiceprzewodnicz\u0105cy &#8211; druh Tomasz Wiraszka &#8211; OSP Kozio\u0142<\/p>\n\n\n\n<p>Wiceprzewodnicz\u0105cy &#8211; druh Bartosz Kruk &#8211; OSP Go\u0142\u0105b<\/p>\n\n\n\n<p>Sekretarz &#8211; druhna Marlena Ba\u0107kowska &#8211; OSP Bronowice<\/p>\n\n\n\n<p>Cz\u0142onkami komisji s\u0105 opiekunowie M\u0142odzie\u017cowych Dru\u017cyn Po\u017carniczych z terenu powiatu pu\u0142awskiego.<\/p>\n\n\n\n<p><\/p>\n","protected":false},"excerpt":{"rendered":"<p>Prezydium komisji ds. m\u0142odzie\u017cy Oddzia\u0142u Powiatowego ZOSP RP w Pu\u0142awach Przewodnicz\u0105cy &#8211; druh Kamil W\u00f3jcik &#8211; OSP Oblasy Wiceprzewodnicz\u0105cy &#8211; druh Emil G\u0142ogowski &#8211; OSP P\u0142onki Wiceprzewodnicz\u0105cy &#8211; druh Tomasz Wiraszka &#8211; OSP Kozio\u0142 Wiceprzewodnicz\u0105cy &#8211; druh Bartosz Kruk &#8211; OSP Go\u0142\u0105b Sekretarz &#8211; druhna Marlena Ba\u0107kowska &#8211; OSP Bronowice Cz\u0142onkami komisji s\u0105 opiekunowie M\u0142odzie\u017cowych [&hellip;]<\/p>\n","protected":false},"author":2,"featured_media":0,"parent":0,"menu_order":0,"comment_status":"closed","ping_status":"closed","template":"","meta":{"footnotes":"","_links_to":"","_links_to_target":""},"class_list":["post-7257","page","type-page","status-publish","hentry"],"_links":{"self":[{"href":"http:\/\/www.straz.pulawy.pl\/index.php?rest_route=\/wp\/v2\/pages\/7257","targetHints":{"allow":["GET"]}}],"collection":[{"href":"http:\/\/www.straz.pulawy.pl\/index.php?rest_route=\/wp\/v2\/pages"}],"about":[{"href":"http:\/\/www.straz.pulawy.pl\/index.php?rest_route=\/wp\/v2\/types\/page"}],"author":[{"embeddable":true,"href":"http:\/\/www.straz.pulawy.pl\/index.php?rest_route=\/wp\/v2\/users\/2"}],"replies":[{"embeddable":true,"href":"http:\/\/www.straz.pulawy.pl\/index.php?rest_route=%2Fwp%2Fv2%2Fcomments&post=7257"}],"version-history":[{"count":4,"href":"http:\/\/www.straz.pulawy.pl\/index.php?rest_route=\/wp\/v2\/pages\/7257\/revisions"}],"predecessor-version":[{"id":7262,"href":"http:\/\/www.straz.pulawy.pl\/index.php?rest_route=\/wp\/v2\/pages\/7257\/revisions\/7262"}],"wp:attachment":[{"href":"http:\/\/www.straz.pulawy.pl\/index.php?rest_route=%2Fwp%2Fv2%2Fmedia&parent=7257"}],"curies":[{"name":"wp","href":"https:\/\/api.w.org\/{rel}","templated":true}]}}