{"id":2931,"date":"2019-06-18T11:40:00","date_gmt":"2019-06-18T09:40:00","guid":{"rendered":"http:\/\/www.straz.pulawy.pl\/?page_id=2931"},"modified":"2022-08-29T10:33:20","modified_gmt":"2022-08-29T08:33:20","slug":"kalendarz-wydarzen","status":"publish","type":"page","link":"http:\/\/www.straz.pulawy.pl\/?page_id=2931","title":{"rendered":"Kalendarz wydarze\u0144"},"content":{"rendered":"<p>Zapraszamy do zapoznania si\u0119 z kalendarium wydarze\u0144 dot. najbli\u017cszych uroczysto\u015bci, zawod\u00f3w i jubileuszy zwi\u0105zanych z KP PSP Pu\u0142awy oraz jednostkami OSP z naszego regionu.<\/p>\n<p>Jednocze\u015bnie informujemy, i\u017c jednostki OSP maj\u0105 mo\u017cliwo\u015b\u0107 umieszczania wydarze\u0144 w kalendarium poprzez wys\u0142anie informacji przez organizatora na adres: sekretariat@straz.pulawy.pl<br \/>\nInformacja\u00a0 przes\u0142ana\u00a0 przez organizatora zostanie opublikowana po weryfikacji. Organizator otrzyma informacj\u0119 zwrotn\u0105 drog\u0105 e-mailow\u0105.<\/p>\n<p style=\"text-align: center;\"><strong><u>Kalendarz wydarze\u0144:<\/u><\/strong><\/p>\n<table>\n<tbody>\n<tr>\n<td width=\"274\"><strong>WYDARZENIE<\/strong><\/td>\n<td width=\"132\"><strong>MIEJSCE<\/strong><\/td>\n<td width=\"198\"><strong>DATA<\/strong><\/td>\n<\/tr>\n<tr>\n<td width=\"274\"><\/td>\n<td width=\"132\"><\/td>\n<td width=\"198\"><\/td>\n<\/tr>\n<tr>\n<td width=\"274\"><\/td>\n<td width=\"132\"><\/td>\n<td width=\"198\"><\/td>\n<\/tr>\n<tr>\n<td width=\"274\"><\/td>\n<td width=\"132\"><\/td>\n<td width=\"198\"><\/td>\n<\/tr>\n<tr>\n<td width=\"274\"><\/td>\n<td width=\"132\"><\/td>\n<td width=\"198\"><\/td>\n<\/tr>\n<tr>\n<td width=\"274\">Wojew\u00f3dzkie Zawody Sportowo Po\u017carnicze OSP<\/td>\n<td width=\"132\">Krasnystaw<\/td>\n<td width=\"198\">25.09.2022<\/td>\n<\/tr>\n<\/tbody>\n<\/table>\n","protected":false},"excerpt":{"rendered":"<p>Zapraszamy do zapoznania si\u0119 z kalendarium wydarze\u0144 dot. najbli\u017cszych uroczysto\u015bci, zawod\u00f3w i jubileuszy zwi\u0105zanych z KP PSP Pu\u0142awy oraz jednostkami OSP z naszego regionu. Jednocze\u015bnie informujemy, i\u017c jednostki OSP maj\u0105 mo\u017cliwo\u015b\u0107 umieszczania wydarze\u0144 w kalendarium poprzez wys\u0142anie informacji przez organizatora na adres: sekretariat@straz.pulawy.pl Informacja\u00a0 przes\u0142ana\u00a0 przez organizatora zostanie opublikowana po weryfikacji. Organizator otrzyma informacj\u0119 zwrotn\u0105 [&hellip;]<\/p>\n","protected":false},"author":2,"featured_media":0,"parent":0,"menu_order":0,"comment_status":"closed","ping_status":"closed","template":"","meta":{"footnotes":"","_links_to":"","_links_to_target":""},"class_list":["post-2931","page","type-page","status-publish","hentry"],"_links":{"self":[{"href":"http:\/\/www.straz.pulawy.pl\/index.php?rest_route=\/wp\/v2\/pages\/2931","targetHints":{"allow":["GET"]}}],"collection":[{"href":"http:\/\/www.straz.pulawy.pl\/index.php?rest_route=\/wp\/v2\/pages"}],"about":[{"href":"http:\/\/www.straz.pulawy.pl\/index.php?rest_route=\/wp\/v2\/types\/page"}],"author":[{"embeddable":true,"href":"http:\/\/www.straz.pulawy.pl\/index.php?rest_route=\/wp\/v2\/users\/2"}],"replies":[{"embeddable":true,"href":"http:\/\/www.straz.pulawy.pl\/index.php?rest_route=%2Fwp%2Fv2%2Fcomments&post=2931"}],"version-history":[{"count":18,"href":"http:\/\/www.straz.pulawy.pl\/index.php?rest_route=\/wp\/v2\/pages\/2931\/revisions"}],"predecessor-version":[{"id":5757,"href":"http:\/\/www.straz.pulawy.pl\/index.php?rest_route=\/wp\/v2\/pages\/2931\/revisions\/5757"}],"wp:attachment":[{"href":"http:\/\/www.straz.pulawy.pl\/index.php?rest_route=%2Fwp%2Fv2%2Fmedia&parent=2931"}],"curies":[{"name":"wp","href":"https:\/\/api.w.org\/{rel}","templated":true}]}}