{"id":111,"date":"2019-04-22T12:46:09","date_gmt":"2019-04-22T10:46:09","guid":{"rendered":"http:\/\/www.straz.pulawy.pl\/?page_id=111"},"modified":"2019-05-15T08:44:43","modified_gmt":"2019-05-15T06:44:43","slug":"chroniony-obszar","status":"publish","type":"page","link":"http:\/\/www.straz.pulawy.pl\/?page_id=111","title":{"rendered":"Chroniony obszar"},"content":{"rendered":"<p>[vc_row][vc_column][vc_column_text]Powiat Pu\u0142awski le\u017cy w zachodniej cz\u0119\u015bci wojew\u00f3dztwa lubelskiego. Z zachodu graniczy z powiatem zwole\u0144skim i kozienickim, kt\u00f3re nale\u017c\u0105 do wojew\u00f3dztwa mazowieckiego;od p\u00f3\u0142nocy z powiatem ryckim; od wschodu z powiatem lubartowskim oraz lubelskim; od po\u0142udnia z powiatem opolskim.<\/p>\n<p>Powiat pu\u0142awski zajmuje powierzchni\u0119 934,09 km\u00b2. Obejmuje 11 jednostek administracyjnych:<\/p>\n<ul>\n<li>gmin\u0119 miejsk\u0105: Pu\u0142awy,<\/li>\n<li>gmin\u0119 miejsko \u2013 wiejsk\u0105 Kazimierz Dolny w tym miasto Kazimierz Dolny,<\/li>\n<li>gmin\u0119 miejsko \u2013 wiejsk\u0105 Na\u0142\u0119cz\u00f3w w tym miasto Na\u0142\u0119cz\u00f3w,<\/li>\n<li>gminy wiejskie: Baran\u00f3w, Janowiec, Ko\u0144skowola, Kur\u00f3w, Markusz\u00f3w, Pu\u0142awy, W\u0105wolnica, \u017byrzyn.<\/li>\n<\/ul>\n<p>Obszar powiatu zamieszkuje 114722 mieszka\u0144c\u00f3w (Dane wg stanu na dzie\u0144 31 grudnia 2017 r.).<br \/>\nPowiat pu\u0142awski pod wzgl\u0119dem klimatycznym nale\u017cy do regionu mazowiecko-podlaskiego. Jest to klimat przej\u015bciowy mi\u0119dzy oceanicznym i kontynentalnym. Warto\u015b\u0107 temperatury powietrza i opad\u00f3w oraz ich przestrzenny rozk\u0142ad wskazuj\u0105, \u017ce w regionie tym zaznaczaj\u0105 si\u0119 malej\u0105ce wp\u0142ywy klimatu kontynentalnego. \u015arednia temperatura powietrza si\u0119ga oko\u0142o 7,5\u00baC. Podobnie jak w kraju, najcieplejszym miesi\u0105cem jest lipiec ze \u015brednia temperatur\u0105 18,5\u00baC, natomiast najzimniejszym stycze\u0144 ze \u015brednia temperatur\u0105 -4\u00baC. Czas trwania okresu wegetacyjnego na terenie powiatu wynosi 210-220 dni. W latach 1951-1990 u\u015bredniona suma opad\u00f3w dla okresu wegetacyjnego na Lubelszczy\u017anie wynios\u0142a 408 mm i jest to warto\u015b\u0107 nieco ni\u017csza od analogicznej \u015bredniej sumy dla Polski z lat 1947-1988, kt\u00f3ra wynosi 421 mm . Na obszarze powiatu pu\u0142awskiego przewa\u017caj\u0105 zdecydowanie wiatry zachodnie, najmniej wiatr\u00f3w wieje z p\u00f3\u0142nocy i p\u00f3\u0142nocnego-wschodu.<\/p>\n<p>Lasy Nadle\u015bnictwa Pu\u0142awy z siedzib\u0105 w Pu\u0142awach po\u0142o\u017cone s\u0105 na terenie trzech powiat\u00f3w: lubelskiego, ryckiego i pu\u0142awskiego. Og\u00f3\u0142em obszary le\u015bne na terenie powiatu pu\u0142awskiego stanowi\u0105 23,4 % powierzchni powiatu i zajmuj\u0105 powierzchni\u0119 6567 ha w tym 4667 ha to lasy pa\u0144stwowe zlokalizowane w 10 le\u015bnictwach i 1900 ha to lasy niepa\u0144stwowe. Najwi\u0119cej teren\u00f3w zalesionych wyst\u0119puje w obr\u0119bie gmin: Janowiec, Pu\u0142awy, \u017byrzyn i Baran\u00f3w. Do najcz\u0119\u015bciej wyst\u0119puj\u0105cych typ\u00f3w siedliskowych lasu nale\u017cy zaliczy\u0107: b\u00f3r \u015bwie\u017cy, b\u00f3r mieszany \u015bwie\u017cy i las mieszany. Gatunkiem dominuj\u0105cym w drzewostanach jest sosna o przewadze II i III klasy wiekowej. Ca\u0142o\u015bciowo lasy na terenie powiatu pu\u0142awskiego zaliczone s\u0105 do II kategorii zagro\u017cenia po\u017carowego.<\/p>\n<p>Przez teren powiatu pu\u0142awskiego przep\u0142ywaj\u0105 dwie g\u0142\u00f3wne rzeki \u201eWis\u0142a\u201d i \u201eWieprz\u201d. Rzeka Wis\u0142a przep\u0142ywa przez zachodni\u0105 cz\u0119\u015b\u0107 powiatu na odcinku ok. 43 km, 16,5 km le\u017cy na granicy z s\u0105siednimi powiatami. Rzeka Wieprz przep\u0142ywa przez p\u00f3\u0142nocn\u0105 cz\u0119\u015b\u0107 powiatu na odcinku ok. 41 km stanowi\u0105c jednocze\u015bnie granic\u0119 z powiatem ryckim.<\/p>\n<p>Teren powiatu pokryty jest g\u0119st\u0105 sieci\u0105 dr\u00f3g krajowych, wojew\u00f3dzkich, powiatowych i gminnych. Dojazd utwardzonymi drogami nie jest zapewniony jedynie do niekt\u00f3rych miejscowo\u015bci o zabudowie kolonijnej.<br \/>\nW miejscowo\u015bci Rogal\u00f3w gmina W\u0105wolnica znajduje si\u0119 wiadukt kolejki w\u0105skotorowej, kt\u00f3ry ogranicza wysoko\u015b\u0107 przeje\u017cd\u017caj\u0105cych pojazd\u00f3w do 3,5m. Na odcinku tym pojazdy wy\u017csze mog\u0105 porusza\u0107 si\u0119 objazdem przez miejscowo\u015bci Zawada i Bart\u0142omiejowice.<br \/>\nNa rzece &#8211; Wi\u015ble zlokalizowane s\u0105 dwa mosty drogowe w Pu\u0142awach oraz dwie przeprawy promowe, jedna Kazimierz Dolny \u2013 Janowiec, druga Bochotnica \u2013 Nasi\u0142\u00f3w. Kusy prom\u00f3w odbywaj\u0105 si\u0119 w sezonie \u017ceglugowym przy odpowiednim stanie wody. Na rzece Wieprz &#8211; zlokalizowane s\u0105 cztery mosty drogowe w miejscowo\u015bciach Ko\u015bmin, Borowa, Baran\u00f3w i Niebrzeg\u00f3w.<\/p>\n<p>W powiecie pu\u0142awskim zlokalizowane s\u0105 zak\u0142ady przemys\u0142owe o znaczeniu regionalnym i krajowym. Do najwi\u0119kszych zaliczy\u0107 nale\u017cy: Zak\u0142ady Azotowe, Przedsi\u0119biorstwo Przemys\u0142u Beton\u00f3w \u201ePrefabet\u201d, Mostostal &#8211; Pu\u0142awy i Pu\u0142awskie Zak\u0142ady Przemys\u0142u Bioweterynaryjnego \u201eBIOWET\u201d.[\/vc_column_text][vc_column_text]<a href=\"https:\/\/pl.wikipedia.org\/wiki\/Powiat_pu%C5%82awski\">Powiat pu\u0142awski &#8211; Wikipedia<\/a>[\/vc_column_text][\/vc_column][\/vc_row]<\/p>\n","protected":false},"excerpt":{"rendered":"<p>[vc_row][vc_column][vc_column_text]Powiat Pu\u0142awski le\u017cy w zachodniej cz\u0119\u015bci wojew\u00f3dztwa lubelskiego. Z zachodu graniczy z powiatem zwole\u0144skim i kozienickim, kt\u00f3re nale\u017c\u0105 do wojew\u00f3dztwa mazowieckiego;od p\u00f3\u0142nocy z powiatem ryckim; od wschodu z powiatem lubartowskim oraz lubelskim; od po\u0142udnia z powiatem opolskim. Powiat pu\u0142awski zajmuje powierzchni\u0119 934,09 km\u00b2. Obejmuje 11 jednostek administracyjnych: gmin\u0119 miejsk\u0105: Pu\u0142awy, gmin\u0119 miejsko \u2013 wiejsk\u0105 Kazimierz [&hellip;]<\/p>\n","protected":false},"author":2,"featured_media":0,"parent":0,"menu_order":0,"comment_status":"closed","ping_status":"closed","template":"","meta":{"footnotes":"","_links_to":"","_links_to_target":""},"class_list":["post-111","page","type-page","status-publish","hentry"],"_links":{"self":[{"href":"http:\/\/www.straz.pulawy.pl\/index.php?rest_route=\/wp\/v2\/pages\/111","targetHints":{"allow":["GET"]}}],"collection":[{"href":"http:\/\/www.straz.pulawy.pl\/index.php?rest_route=\/wp\/v2\/pages"}],"about":[{"href":"http:\/\/www.straz.pulawy.pl\/index.php?rest_route=\/wp\/v2\/types\/page"}],"author":[{"embeddable":true,"href":"http:\/\/www.straz.pulawy.pl\/index.php?rest_route=\/wp\/v2\/users\/2"}],"replies":[{"embeddable":true,"href":"http:\/\/www.straz.pulawy.pl\/index.php?rest_route=%2Fwp%2Fv2%2Fcomments&post=111"}],"version-history":[{"count":3,"href":"http:\/\/www.straz.pulawy.pl\/index.php?rest_route=\/wp\/v2\/pages\/111\/revisions"}],"predecessor-version":[{"id":2665,"href":"http:\/\/www.straz.pulawy.pl\/index.php?rest_route=\/wp\/v2\/pages\/111\/revisions\/2665"}],"wp:attachment":[{"href":"http:\/\/www.straz.pulawy.pl\/index.php?rest_route=%2Fwp%2Fv2%2Fmedia&parent=111"}],"curies":[{"name":"wp","href":"https:\/\/api.w.org\/{rel}","templated":true}]}}